1. Let y(o) = -29*o**3 + 14*o**2 - 6*o - 9. Let b(n) = 6*h(n) - y(n). Determine b(-8).
3
Let o(b) be the third derivative of b**4/24 + 28*b**2. Calculate o(1).
1
Let a(j) = 2 - 26*j**3 - 125*j**2 + 123*j**2 + 52*j**3 - 25*j**3 - 2*j. Let s = -3 + 5. Give a(s).
-2
Let k(q) = -q**2 + q + 9. Let p be k(5). Let y(j) = -j + 0*j - 2 - 13 + 9. What is y(p)?
5
Let n(j) = 23*j + 143. Let r be n(-6). Let w(c) = c**3 - 5*c**2 + 5*c - 4. Give w(r).
21
Let o(m) = m + 3. Suppose 2*c + p = 7*c - 4, -5*c + 4*p = -16. Suppose 12 = 4*t - c*t. Suppose 4 = -4*a + 2*n, 0 = -t*a - n - 1 - 12. Determine o(a).
0
Suppose -5*j = 516 + 204. Let f be ((-6)/8)/(18/j). Let x(w) = -w**2 + 5*w + 2. Let a(t) = t**2 - 5*t - 3. Let z(c) = -5*a(c) - 4*x(c). Calculate z(f).
1
Let n(s) = 8*s + 0*s - s + s**2. Let q = 2272 - 2275. Calculate n(q).
-12
Let g be ((-6)/(-5))/((-4)/(-60)). Let i(m) = 1 - 2 + 10*m - g*m. Let l = 229 + -231. Calculate i(l).
15
Let u = 112 + -104. Let h(j) = -3*j - 2. Determine h(u).
-26
Let l(q) be the first derivative of 2*q**3/3 - 2*q - 80. Suppose w = 5*f + 29, 2*w - 19 = w + 3*f. Let u = w - 6. What is l(u)?
6
Let i be ((-25)/40)/(2/(16/(-20))). Let v(c) be the first derivative of -c + 4/3*c**3 - 1/2*c**2 + i*c**4 - 1. What is v(-4)?
3
Suppose 5*a = 4*d - 0*a - 20, 5*a = -20. Let q(l) be the first derivative of -l**2/2 - l + 5. What is q(d)?
-1
Let b(x) be the second derivative of -x**5/20 + 7*x**4/12 - 4*x**3/3 + 3*x**2 - 37*x. Give b(5).
16
Let x(l) = -l + 7. Let j(f) be the second derivative of f**5/20 + f**4/3 - 7*f**3/6 - 2*f**2 + 2*f - 4. Let t be j(-5). Determine x(t).
1
Let x(p) be the first derivative of p**4/3 + p**3/2 + 13*p**2 + 14. Let f(m) be the second derivative of x(m). Give f(-3).
-21
Let y(w) = 2*w**3 + 10*w**2 + 5*w + 6. Let u(k) = -k**3 - 5*k**2 - 2*k - 3. Suppose 2 = -x - 1. Let o(z) = x*y(z) - 7*u(z). Give o(-5).
8
Let p = 1463 + -1466. Let u(w) be the third derivative of -w**5/60 + w**4/24 + w**3/3 + w**2. Let b(j) be the first derivative of u(j). Give b(p).
7
Suppose 13 = 3*c - 23. Suppose -v + c = 3*p, -1 = v - 4*p - 27. Let j = -17 + v. Let k(t) = 8*t**3 - t**2 - t + 1. Determine k(j).
7
Let j(f) = f**2 - 6*f - 5. Suppose -4*q + 3*q - 27 = 0. Let t = q + 34. What is j(t)?
2
Suppose -3*t = -12 + 60. Let c = -19 - t. Let f(i) = i**3 + 3*i**2 + 5*i + 3. Give f(c).
-12
Let n(t) = t**2 + 8*t - 20. Let o be n(-11). Let u(l) = -15*l + 4*l - 2 + o*l. Determine u(-3).
-8
Suppose 4*c + 100 = 100. Let n(p) be the second derivative of -3*p + c + p**2 + 1/12*p**4 - 5/6*p**3. Calculate n(5).
2
Let n(l) = -3 - 2 + 4 - 1 + 2*l + 11*l**2 - 15*l**2. Calculate n(3).
-32
Let a(j) = -j**2 + 5*j - 2. Suppose 6*q - 5*y - 30 = q, 3*y - 2 = -2*q. What is a(q)?
2
Let l(x) = 2*x**2 - 9*x - 2. Let m(u) = 3*u**2 - 10*u - 2. Let t(n) = -4*l(n) + 3*m(n). Calculate t(-4).
-6
Let j be ((-12)/(-10))/(3/15). Let p(s) = j - 2 + 2*s - 3 - 2. Let k = -61 - -65. Determine p(k).
7
Let j(y) = y**3 + 0*y**3 - 2*y**2 + y - 2*y**3. Suppose -31*x + 38 = -24. Calculate j(x).
-14
Let l = -4 + 12. Let q(x) = -12 + x**2 - 9*x + l - 5. What is q(9)?
-9
Suppose 0 = 4*u, -5*a + 3*u + 10 = 5*u. Let h(x) = 5*x + 4*x**a - 1 + 5*x**2 - 10*x**2. Give h(5).
-1
Let h(u) = u + 22. Let l be h(-19). Let x(r) = 2*r + 5. Let z(b) = 2*b + 4. Let q(a) = -2*x(a) + 3*z(a). What is q(l)?
8
Let k(m) be the second derivative of m**3 + 1/20*m**5 - 5/2*m**2 + 19*m + 7/12*m**4 + 0. Calculate k(-6).
-5
Let m(n) = -4*n + 25. Let o = -559 - -565. Determine m(o).
1
Let f(i) = i**2 + i - 5. Let q be f(0). Let k(r) be the second derivative of 1/2*r**4 + 8*r + r**3 + 0 + 0*r**2 + 1/20*r**5. Calculate k(q).
-5
Let c be (-20)/90 - (-130)/18. Let p = -10 + c. Let b(g) = -g**3 - 4*g**2 + 3. Calculate b(p).
-6
Let n = -19307/12 + 1609. Let p(t) be the second derivative of 3/20*t**5 - 1/2*t**3 + 0 + n*t**4 - t**2 - 8*t. Calculate p(-2).
-16
Let f(a) = a + 5. Suppose 6*k - 103 = 647. Suppose 0 = -121*z + k*z - 20. Give f(z).
10
Let d(r) = -3*r**2 - 4*r + 9. Let k(t) = 2*t**2 + 2*t - 8. Let w(p) = 3*d(p) + 4*k(p). Give w(-4).
-5
Let n be -1 - 8/(112/(-21)) - 0. Let i(l) be the first derivative of 3 + l - 1/2*l**4 + 0*l**3 + n*l**2. Calculate i(2).
-13
Let j(c) = 3*c + 6. Let i(y) = -y**2 - 7*y + 4. Let l(w) = w**2 + 5*w - 5. Let x(k) = 3*i(k) + 4*l(k). Let n be x(0). What is j(n)?
-18
Let w = 24 + -15. Suppose -w = 4*m - m. Let q(n) = -n**2 - 3*n + 4. Give q(m).
4
Let z(d) be the first derivative of 2/3*d**3 - 6 + 1/2*d**2 - 4*d. Let x(u) be the first derivative of z(u). Calculate x(1).
5
Suppose 4*n = -4 - 4. Let x = n - -4. Let j(c) be the first derivative of 3*c**2/2 - c - 1. What is j(x)?
5
Let x(z) = -105*z**3 + 2 + 106*z**3 + 7*z**2 + 3 - z**2 + 11*z. What is x(-4)?
-7
Suppose -11*d + 8*d = -6. Let i(h) = h - 6. Give i(d).
-4
Suppose k + 169 = 4*o - 74, k - 1 = 0. Suppose 5*z - o = -91. Let x(m) = m**3 + 5*m**2 - 7*m - 2. Determine x(z).
4
Let t(v) = -2*v**2 - 15*v - 2. Let s be t(-7). Let o(g) = -3*g**2 - g**3 - 4 + 12*g - 7*g + 7*g**2. Give o(s).
-4
Let u(s) = s**2 - 2*s + 3. Let x = -114 + 111. Determine u(x).
18
Let h(f) = f**3 - 23*f + 24*f - 2*f**3. Let w(z) = 7*z**3 - 3*z**2 - 11*z + 3. Let x(i) = -6*h(i) - w(i). Let l be (-19)/(-5) + (-2)/(-10). Give x(l).
1
Let c = -1 + 5. Let n be (-1 - -2)*1 + (-2)/(-2). Suppose c*u - u + 17 = 4*g, -4*g + n = 2*u. Let m(b) = -b**3 + b + 1. Give m(g).
-5
Let d(c) = -c**2 - 2*c + 1. Let o = 289 + -405. Let s = 114 + o. Calculate d(s).
1
Suppose k - 73 = -4*k + 2*p, -2*k - 3*p + 14 = 0. Suppose 0 = a - 16 - k. Let x(d) = 10*d + a - 29. Give x(-1).
-10
Let i(b) be the first derivative of b**2/2 + 4*b - 272. Determine i(-10).
-6
Let r(h) be the first derivative of h**3/3 - h**2 + 3*h + 107. What is r(0)?
3
Let l(s) = -4*s**2 + 14*s + 13. Let a(y) = -2*y**2 + 7*y + 7. Let d(b) = -5*a(b) + 2*l(b). What is d(4)?
-5
Let v be -3 - ((6 - 4) + -4). Let w(m) = 24*m**3. Determine w(v).
-24
Let c = 22 - 25. Let g = 2 + c. Let f(d) = 8*d + 1. Calculate f(g).
-7
Let q(o) = -9*o**3 + 8*o**2 + 18*o + 9. Let d(j) = -7*j**3 + 9*j**2 + 17*j + 10. Let y(h) = -5*d(h) + 4*q(h). Determine y(-12).
-2
Let g(j) = 5*j**3 + 10*j**2 + 10*j + 19. Let z(c) = c**3 + 2*c + 1. Let w(k) = -g(k) + 6*z(k). Give w(10).
7
Let f(i) = 2*i + 1. Let m be (-2)/(-6) - (112/(-6) - -2). Suppose -5*r + 2 = 5*p - 3, -p = 5*r - m. Calculate f(r).
9
Let n(y) = y**2 - 18*y + 7. Let m = -425 + 442. Determine n(m).
-10
Let l(g) = -5572*g - g**2 + 2784*g + 33 + 2782*g. What is l(4)?
-7
Let c(w) = 9*w**2 - 12*w - 11. Let j be c(-1). Let o be j/(-4)*40/(-25). Let q(t) = t**3 - 3*t**2 - 5*t - 2. Determine q(o).
-6
Let g(m) be the first derivative of m**3/3 - 7*m**2 + 35*m + 13. Determine g(11).
2
Let d be 30/(-4*9/(-48)). Let m = 41 - d. Let s(y) = -14 - y + 14 - 7*y**3 + 2*y**2. Give s(m).
-6
Let d(k) = 3*k**2 + 16*k + 9. Let b be d(-5). Let i(l) = 9*l - 3. Determine i(b).
33
Suppose 0 = 3*b + 4*v - 100, 0*v = -5*b - 3*v + 152. Let k(x) = -3 - b*x - 17*x**2 + 32*x + 16*x**2. Give k(4).
-3
Suppose 2 = -d + 3. Let t(j) = -4*j - 1. Let v(p) = -19*p - 5. Let b(x) = 11*t(x) - 2*v(x). Let h(n) = -5*n - 1. Let a(l) = -6*b(l) + 7*h(l). Determine a(d).
0
Let h(b) be the first derivative of b**4/4 + 7*b**3/3 + 7*b**2/2 + 12*b + 198. What is h(-6)?
6
Let m = -51 - -28. Let i = 13 + m. Let c be (-15)/i*2/(-3). Let z(b) = -3*b**2 - 2*b - 1. What is z(c)?
-2
Suppose 0 = 31*r - 88 - 36. Let j(s) = -3*s - 2. Determine j(r).
-14
Let k(q) = -2*q + 2. Let s(u) = 11*u - 8. Let j(f) = -5*f + 4. Let d(b) = 9*j(b) + 4*s(b). Let t be d(0). Suppose t = h - 2. Determine k(h).
-10
Let u(d) = 2*d + 40. Suppose 16*o + 216 = 4*o. What is u(o)?
4
Let i(k) = 4*k + 29. Let t(r) = 2*r - 2. Let v(l) = i(l) - 3*t(l). What is v(20)?
-5
Let d(i) be the first derivative of 3*i**2 - 32*i - 596. Determine d(8).
16
Let k(j) = -j**3 - 6*j**2 - 3*j - 15. Let c be k(-6). Let n(x) = -c + 0 - x**2 + 28*x - 33*x. What is n(-3)?
3
Suppose -6*m + 4*s - 34 = -4*m, -2*s = 0. Let u = m - -17. Suppose u*n = n - 3*w - 6, 5*n = -5*w + 10. Let t(p) = -4*p + 1. What is t(n)?
-11
Let z(m) = 3*m - 1. Let r(s) = -1 + s**2 + s + 7*s - 6. Suppose -3*x + 0*x - 27 = 0. Let f be r(x). What is z(f)?
5
Let y(r) = r - 6. Let q(w) = -15*w + 615. Let k be q(41). Give y(k).
-6
Let q(a) 